3 + 4*x. Let s(t) = t**2 + t. Let a(n) = -m(n) + 6*s(n). Give a(p).
3
Suppose -9 = -0*s - 3*s. Suppose -7 = -u - b - 0*b, -s*u + 4*b - 14 = 0. Let r(t) = -1 + 0 - 2*t**3 - t**3 + u*t**2. Determine r(1).
-2
Let d(z) = -z**3 + z**2 - z - 15. Let i be d(0). Let v = 11 + i. Let a be (-1)/2*v + -8. Let l(u) = -u**2 - 5*u + 7. Give l(a).
1
Let f(p) be the second derivative of p**8/6720 + p**7/840 + p**6/720 - p**5/120 - p**4/4 + p. Let w(m) be the third derivative of f(m). Calculate w(-3).
-4
Let i(o) be the first derivative of -o**4/4 + 2*o**3 - 2*o + 11. Give i(5).
23
Let p = 0 + -1. Let c = p + 2. Let a(d) = 2*d**3 - d + 1. Give a(c).
2
Let i = -147 - -149. Let s(x) = -5*x**3 + 4*x**2 + x - 2. Let l(q) = q**3 - q**2. Let p(w) = -6*l(w) - s(w). Determine p(i).
0
Let v(i) = -i**2 + 3*i + 1. Let y(p) = p + 9. Let m be y(-5). Let o be 7 + -1 + m/(-4). Determine v(o).
-9
Let j(x) = -3*x - 2. Let s(l) = 2*l + 8. Let m be s(-6). Determine j(m).
10
Let v(d) be the first derivative of d**6/360 + d**5/30 - d**4/4 + d**3/3 - 2. Let r(g) be the third derivative of v(g). Let j = 6 - 11. Give r(j).
-1
Let i(w) = -w**2 + w + 16. Let l be i(0). Suppose -o - 4*k - 22 = 0, -5*o = -2*o + 2*k + l. Let a = -2 - o. Let y(d) = d**2 - d - 6. What is y(a)?
-6
Let h(u) = u + 1. Let g(t) = 2*t - 6. Let c(r) = -g(r) - 5*h(r). Calculate c(2).
-13
Let y = -5 - -10. Let j(c) = -2*c + 1. Let z be j(y). Let w = -6 - z. Let n(r) = -r**2 + 2*r. Determine n(w).
-3
Suppose -6*t = -4*t. Let n(a) = a**3 + 1 + 3*a**2 - 5*a**2 + t. Let z(y) = -2*y**3 + 3*y**2 + y - 1. Let k(x) = 3*n(x) + 2*z(x). Calculate k(-1).
0
Let p(o) = -o**3 + 6*o**2 + 5. Let i(a) = -a**3 + 6*a**2 - 8*a + 6. Let k be i(2). What is p(k)?
5
Let f be -9 + 4 + -1 - -4. Let x(z) = -z**2 - 2*z - 2. Give x(f).
-2
Let z(u) be the third derivative of u**5/60 - u**4/4 + 3*u**3/2 + 3*u**2. Determine z(6).
9
Suppose 0 = 2*t + 4*g + 4, -2*t - t - 4*g - 10 = 0. Let y(q) = -q + 5. Determine y(t).
11
Let z(i) = i**3 + 8*i**2 + 7*i + 2. Suppose -7*t = -8*t - 7. Determine z(t).
2
Let k(v) = v**3 + 11*v**2 + 11*v + 7. Let t(b) = -b**3 - 4*b**2 + b - 6. Let g be t(-4). What is k(g)?
-3
Let d(w) = -w**2 + 6*w - 2. Let f(g) = -2*g + 18. Let o be f(7). Calculate d(o).
6
Let v(k) = -k - 1. Let t(n) = -3*n + 5. Suppose 5*m + 3*f = -13, -3*m = -4*f + 4 - 2. Let r(g) = g - 8. Let y be r(7). Let u(h) = m*v(h) + y*t(h). Give u(2).
7
Suppose -12 = -t - 2*t. Let h(z) = -2*z + 5*z**3 + 0 - 3*z**2 - 2*z + 5 - 4*z**3. Determine h(t).
5
Suppose -3*z + 12 = -0*z. Suppose -5*l + z = -6*l. Let p(s) = -s**3 - 4*s**2 - s - 5. Calculate p(l).
-1
Let g be (10/30)/(-2 - (-10)/6). Let r(k) = -7*k**3 + k**2. Give r(g).
8
Suppose -9*l = -4*l + 20. Let a(j) be the third derivative of -j**6/720 - j**5/24 + j**4/12 - j**2. Let m(y) be the second derivative of a(y). Calculate m(l).
-1
Let s(o) = -3*o + 1. Let m be s(-1). Suppose -182 + 58 = -m*q. Suppose -q = 4*i - 4*w + 1, -3*i + 5*w - 28 = 0. Let c(a) = a**3 + 6*a**2 - 4. Calculate c(i).
-4
Let m be 8/6*3/2. Suppose -5 + m = -y. Suppose 3*p - n - 3*n = 2, 2 = -4*p + y*n. Let d(o) = -2*o**3 - 3*o**2 - 3*o - 3. Calculate d(p).
7
Let g(r) = 3*r**2 + r**3 - 3 + r - 3 + 4 + 3. Let l(d) = -d - 4. Let u be l(-9). Suppose -4*p = -u*p - 2. Give g(p).
3
Let z(i) = i**3 + 6*i**2 + 6*i - 1. Let o(r) = -r**3 - r**2 + r - 3. Let u be o(0). Let c = -2 + u. What is z(c)?
-6
Let z(c) be the first derivative of -1/3*c**3 - 3/2*c**2 - 8 + 4*c. Let n be 2/((-1)/(-5)*-2). What is z(n)?
-6
Let s(h) = h**3 - 4*h**2 + h + 2. Let y(i) = -i. Let n(l) = -2*l - 4. Let a(w) = n(w) - 3*y(w). Suppose -z - 21 = -4*z. Let p be a(z). Determine s(p).
-4
Suppose -3*b - 4*t - 2 = 2, -1 = 4*b + t. Suppose -3*i + 6*i - 9 = b. Suppose 2*d - i = d. Let z(r) = -r**3 + 3*r**2 + r + 1. What is z(d)?
4
Suppose 2*u - 6 = -2*y + 4*u, u - 1 = -y. Let v(s) = -s. Determine v(y).
-2
Suppose -4*a + 1 + 5 = -2*f, 0 = -4*f - a + 24. Let m(k) = -k**2 + 5*k + 5. What is m(f)?
5
Suppose -2*v - u - 3*u = 0, -3*u = 4*v - 15. Suppose 0 = -2*q - 0*q + v. Let x(f) = -1 + 3*f + 2*f - f + 5*f**2 + f**q. Calculate x(-3).
5
Let w(p) = -45*p - 2 + p**3 - 2*p**3 - 3*p**2 + 44*p. What is w(-2)?
-4
Suppose -2*s + 2 = -j, 5*j - 14 = -2*s - 0*s. Let g(u) = -12 + u - u**2 + 11 - j*u. Suppose w - i = 5, -5*i + 0*i - 25 = -4*w. What is g(w)?
-1
Let q be 2/8 + 9/(-108). Let z(s) be the second derivative of s - 5/2*s**2 + 0 - q*s**3. Determine z(0).
-5
Let d(o) be the first derivative of o**4/4 + 4*o**3/3 - 2*o**2 + 5*o + 4. Let k(q) = -q - 10. Let w be k(-7). Let c = -2 + w. Give d(c).
0
Let h(i) = 2*i + 7. Let s = 11 - -9. Let n be 8/(-10) + (-84)/s. Calculate h(n).
-3
Suppose 23 - 13 = 5*v. Let j(z) = 5*z. Determine j(v).
10
Let o(h) = h + 2. Let v be (4/8*0)/(-3). What is o(v)?
2
Let s(t) be the second derivative of -1/20*t**5 + t - 1/3*t**4 - 2/3*t**3 - 3/2*t**2 + 0. What is s(-2)?
-3
Let b(c) = -17*c - 11*c - 9 + 30*c. Determine b(7).
5
Let q(t) = t - 4. Let c(g) = -g + 3. Let i(u) = 3*c(u) + 2*q(u). Let m(v) = -4*v + 2. Let x(f) = -3*i(f) + m(f). Give x(0).
-1
Let r be (-18)/(-14) - (-6)/(-21). Suppose 0 = 4*z - 3*j - 15, -r = z - j - 6. Let c(a) = a**3 - a + 2. Give c(z).
2
Suppose 2*f + 3 = -5*o, f + 6 = -5*o - 3. Let s(m) = -m**3 + 5*m**2 + 6*m + 3. Let l be s(f). Let h(j) = j**2 + 2. Calculate h(l).
11
Let h(c) = 2*c**2 + 3*c. Suppose 4*n + 12 = 4*s, s + 15 = 6*s + 4*n. Suppose -s*i = -2*i. Let t = i + -2. Give h(t).
2
Let z(y) = 11 - 4 + 5*y**2 + 7*y + y**3 + 2*y**2. Let a be (12/(-10))/((-3)/(-15)). Determine z(a).
1
Let k(g) = -15*g + 11. Let y(t) = -17*t + 13. Let z(r) = 7*k(r) - 6*y(r). Let w(a) = a**2 - 4. Let u be w(-3). Suppose 0 = -5*d + u. Calculate z(d).
-4
Let n(p) = -2*p**2 + 0 + 0 + 5*p - 1 - 1. Let m be (6/10)/(1/5). Determine n(m).
-5
Let c(z) = z**2 + 3. Suppose 0*f + 12 = 4*f. Suppose i = 5 - f. Suppose -2*l = 3*x + i, -1 = 5*x + 3*l + 2. Calculate c(x).
3
Let i(n) = n**2 + 6*n + 4. Suppose -3 = 4*v + 13. Give i(v).
-4
Let h(q) be the first derivative of -q**3/3 - 4*q**2 - 5*q + 5. Determine h(-7).
2
Let w(a) be the first derivative of a**6/360 + a**5/30 - a**4/8 - a**3/3 + 4. Let v(r) be the third derivative of w(r). Give v(-3).
-6
Let n(s) = 13*s**2 + 2 - 7*s**2 - 2*s - 5*s**2. Suppose -z = -0*z + q - 5, 5*z - 4*q = 7. Calculate n(z).
5
Let a = -8 + 10. Let q(s) = -10*s**3 + 13*s**2 + 12*s - 12. Let f(o) = -3*o**2 - 3*o**3 + 5*o**2 + 2*o**2 - 4 + 4*o. Let u(m) = a*q(m) - 7*f(m). What is u(3)?
1
Let z(h) = 2*h**2 - 6*h + 12*h - 3*h + 11*h**3 - 2*h. Determine z(-1).
-10
Let o(i) = -i**3 + 3*i**2 - i + 1. Let n = 19 - 17. Determine o(n).
3
Let k(m) = -1 + m**3 - 9*m + 5*m**2 + 2*m + 2*m. Give k(-6).
-7
Let u(m) = -m - 12. Suppose -2*t = -5*j, t = -j + 3*j - 1. Calculate u(t).
-7
Let x(g) = g - 6. Let q(l) = -2*l + 18. Let f(m) = -4*q(m) - 11*x(m). Give f(-4).
6
Let j(b) = -4*b**2 + 6. Let c(z) = 5*z**2 - 5. Let m(w) = 3*c(w) + 4*j(w). What is m(0)?
9
Let v(c) = 1. Let k(x) = -x**2 - x - 11. Let h(z) = -k(z) - 6*v(z). Suppose q + 4*s - 6 = 0, -q - 3*s + 10 = 4. Suppose -2*p = -q*p. Determine h(p).
5
Let z(a) = a**2 + 6*a - 3. Let k(h) = -3*h**2 - 17*h + 10. Let x(d) = 3*k(d) + 8*z(d). Let j = -8 - -3. Determine x(j).
-4
Let c(d) = d**2 + d - 4. Let l be c(-3). Let m(h) = -h - l - 2*h + 7*h + 1. What is m(2)?
7
Let t(s) = -s**3 + 3*s**2 - 3*s + 4. Let p = -7 - -4. Let n = p - -6. Give t(n).
-5
Let p(s) = 10*s**2 + 11*s**2 + 4*s**3 + s - 21*s**2. Calculate p(1).
5
Let w(u) = 6*u - 57. Let q be w(9). Let a(r) = -r**2 + r. Let n(l) = -l**3 + l**2 - 8*l + 3. Let d(j) = 6*a(j) + n(j). Give d(q).
-9
Let k(h) be the first derivative of -h**2 - 2*h - 8. What is k(2)?
-6
Let s = -10 - -14. Suppose 0 = s*t - 5*t - 1. Let l(d) = 2*d - 1. Calculate l(t).
-3
Let w(s) = -s**2 - 12*s + 4. Suppose 39 = -2*j + 15. Let r be w(j). Let m(h) be the second derivative of h**5/20 - h**4/4 - 2*h**3/3 - 3*h**2/2 + h. Give m(r).
-3
Let j(a) be the first derivative of a**3/3 - 2*a**2 + 2*a - 2. Let g = -17 - -20. Determine j(g).
-1
Let n(w) be the third derivative of w**6/120 + w**5/10 + w**4/4 + 2*w**3/3 - w**2. Let x = -1 + 5. Let k = -9 + x. Determine n(k).
-1
Let y = 4 - 10. Let g(o) = 2*o + 4. Determine g(y).
-8
Let s(u) be the second derivative of -u**4/12 + u**3 - 2*u**2 + 18*